{"id":5174,"date":"2024-08-20T19:16:10","date_gmt":"2024-08-20T19:16:10","guid":{"rendered":"https:\/\/supersimpletienda.cl\/?post_type=product&#038;p=5174"},"modified":"2025-02-24T12:49:57","modified_gmt":"2025-02-24T12:49:57","slug":"audifonos-in-ear-pods-tipo-c-compatibles-con-iphone-15-samsung","status":"publish","type":"product","link":"https:\/\/supersimpletienda.cl\/index.php\/producto\/audifonos-in-ear-pods-tipo-c-compatibles-con-iphone-15-samsung\/","title":{"rendered":"Aud\u00edfonos In Ear Pods Tipo C compatibles con iPhone 15 \/ Samsung"},"content":{"rendered":"<p>Aud\u00edfono manos libres con conector Tipo C compatibles con iPhpne 15 \/ Samsung. Poseen una excelente fidelidad de audio y conservan un estilo de aud\u00edfono como los EarPod de Apple.<\/p>\n<p><strong>Caracter\u00edsticas<\/strong><\/p>\n<ul>\n<li>Manos Libres<\/li>\n<li>Estilo Earpods<\/li>\n<li>Excelente calidad de audio<\/li>\n<\/ul>\n<p>A diferencia de los aud\u00edfonos circulares tradicionales, el dise\u00f1o de los EarPods se basa en la geometr\u00eda del o\u00eddo, por eso son m\u00e1s c\u00f3modos que cualquier otro aud\u00edfono de este tipo.<br \/>\nLas bocinas del interior han sido dise\u00f1adas para mejorar la calidad del sonido y minimizar su p\u00e9rdida, su resultado, un audio de alta calidad.<br \/>\nLos EarPods tambi\u00e9n incluyen un control remoto integrado en el cable que te permite ajustar el volumen, controlar la reproducci\u00f3n de m\u00fasica y video, responder o finalizar llamadas.<\/p>\n","protected":false},"excerpt":{"rendered":"<p>Aud\u00edfono manos libres con conector Tipo C compatibles con iPhpne 15 \/ Samsung. Poseen una excelente fidelidad de audio y conservan un estilo de aud\u00edfono como los EarPod de Apple. Caracter\u00edsticas Manos Libres Estilo Earpods Excelente calidad de audio A diferencia de los aud\u00edfonos circulares tradicionales, el dise\u00f1o de los EarPods se basa en la [&hellip;]<\/p>\n","protected":false},"featured_media":5175,"comment_status":"closed","ping_status":"closed","template":"","meta":[],"product_brand":[],"product_cat":[217,245,205,200],"product_tag":[239,244,243],"class_list":{"0":"post-5174","1":"product","2":"type-product","3":"status-publish","4":"has-post-thumbnail","6":"product_cat-audifonos","7":"product_cat-navidad-regalos","8":"product_cat-nuevos-productos","9":"product_cat-telefonos-y-accesorios","10":"product_tag-audifonos-iphone-15","11":"product_tag-audifonos-para-iphone","12":"product_tag-ear-pods","14":"first","15":"instock","16":"sale","17":"taxable","18":"shipping-taxable","19":"purchasable","20":"product-type-simple"},"_links":{"self":[{"href":"https:\/\/supersimpletienda.cl\/index.php\/wp-json\/wp\/v2\/product\/5174","targetHints":{"allow":["GET"]}}],"collection":[{"href":"https:\/\/supersimpletienda.cl\/index.php\/wp-json\/wp\/v2\/product"}],"about":[{"href":"https:\/\/supersimpletienda.cl\/index.php\/wp-json\/wp\/v2\/types\/product"}],"replies":[{"embeddable":true,"href":"https:\/\/supersimpletienda.cl\/index.php\/wp-json\/wp\/v2\/comments?post=5174"}],"version-history":[{"count":1,"href":"https:\/\/supersimpletienda.cl\/index.php\/wp-json\/wp\/v2\/product\/5174\/revisions"}],"predecessor-version":[{"id":5229,"href":"https:\/\/supersimpletienda.cl\/index.php\/wp-json\/wp\/v2\/product\/5174\/revisions\/5229"}],"wp:featuredmedia":[{"embeddable":true,"href":"https:\/\/supersimpletienda.cl\/index.php\/wp-json\/wp\/v2\/media\/5175"}],"wp:attachment":[{"href":"https:\/\/supersimpletienda.cl\/index.php\/wp-json\/wp\/v2\/media?parent=5174"}],"wp:term":[{"taxonomy":"product_brand","embeddable":true,"href":"https:\/\/supersimpletienda.cl\/index.php\/wp-json\/wp\/v2\/product_brand?post=5174"},{"taxonomy":"product_cat","embeddable":true,"href":"https:\/\/supersimpletienda.cl\/index.php\/wp-json\/wp\/v2\/product_cat?post=5174"},{"taxonomy":"product_tag","embeddable":true,"href":"https:\/\/supersimpletienda.cl\/index.php\/wp-json\/wp\/v2\/product_tag?post=5174"}],"curies":[{"name":"wp","href":"https:\/\/api.w.org\/{rel}","templated":true}]}}