{"id":4860,"date":"2024-07-17T13:54:44","date_gmt":"2024-07-17T13:54:44","guid":{"rendered":"https:\/\/supersimpletienda.cl\/?post_type=product&#038;p=4860"},"modified":"2024-10-24T20:16:44","modified_gmt":"2024-10-24T20:16:44","slug":"adaptador-de-carga-para-apple-pencil-1-generacion","status":"publish","type":"product","link":"https:\/\/supersimpletienda.cl\/index.php\/producto\/adaptador-de-carga-para-apple-pencil-1-generacion\/","title":{"rendered":"Adaptador de Carga Para Apple Pencil 1\u00b0 Generaci\u00f3n"},"content":{"rendered":"<p><strong>Adaptador de carga para Apple Pencil integrado en una sola pieza, ligero y f\u00e1cil de transportar.<\/strong><\/p>\n<p>El adaptador est\u00e1 dise\u00f1ado espec\u00edficamente para facilitar la carga de su Apple Pencil. esto se logra mediante la fijaci\u00f3n de un extremo del adaptador al extremo de carga de su Apple Pencil y el otro extremo a un cable Lightning a trav\u00e9s de una conexi\u00f3n hembra a hembra.<\/p>\n<p>Esto le permite configurar su Apple Pencil junto a su iPad, en lugar de ponerlo directamente en el puerto de carga que podr\u00eda causar da\u00f1os en ambos dispositivos. El resultado final es una experiencia de carga simple, conveniente y natural para sus dispositivos Apple.<\/p>\n","protected":false},"excerpt":{"rendered":"<p>Adaptador de carga para Apple Pencil integrado en una sola pieza, ligero y f\u00e1cil de transportar. El adaptador est\u00e1 dise\u00f1ado espec\u00edficamente para facilitar la carga de su Apple Pencil. esto se logra mediante la fijaci\u00f3n de un extremo del adaptador al extremo de carga de su Apple Pencil y el otro extremo a un cable [&hellip;]<\/p>\n","protected":false},"featured_media":4861,"comment_status":"closed","ping_status":"closed","template":"","meta":[],"product_brand":[],"product_cat":[202,205,200],"product_tag":[274],"class_list":{"0":"post-4860","1":"product","2":"type-product","3":"status-publish","4":"has-post-thumbnail","6":"product_cat-adaptadores-otg-para-carga-y-datos","7":"product_cat-nuevos-productos","8":"product_cat-telefonos-y-accesorios","9":"product_tag-adaptador-appel-pencil","11":"first","12":"instock","13":"sale","14":"taxable","15":"shipping-taxable","16":"purchasable","17":"product-type-simple"},"_links":{"self":[{"href":"https:\/\/supersimpletienda.cl\/index.php\/wp-json\/wp\/v2\/product\/4860","targetHints":{"allow":["GET"]}}],"collection":[{"href":"https:\/\/supersimpletienda.cl\/index.php\/wp-json\/wp\/v2\/product"}],"about":[{"href":"https:\/\/supersimpletienda.cl\/index.php\/wp-json\/wp\/v2\/types\/product"}],"replies":[{"embeddable":true,"href":"https:\/\/supersimpletienda.cl\/index.php\/wp-json\/wp\/v2\/comments?post=4860"}],"version-history":[{"count":1,"href":"https:\/\/supersimpletienda.cl\/index.php\/wp-json\/wp\/v2\/product\/4860\/revisions"}],"predecessor-version":[{"id":5256,"href":"https:\/\/supersimpletienda.cl\/index.php\/wp-json\/wp\/v2\/product\/4860\/revisions\/5256"}],"wp:featuredmedia":[{"embeddable":true,"href":"https:\/\/supersimpletienda.cl\/index.php\/wp-json\/wp\/v2\/media\/4861"}],"wp:attachment":[{"href":"https:\/\/supersimpletienda.cl\/index.php\/wp-json\/wp\/v2\/media?parent=4860"}],"wp:term":[{"taxonomy":"product_brand","embeddable":true,"href":"https:\/\/supersimpletienda.cl\/index.php\/wp-json\/wp\/v2\/product_brand?post=4860"},{"taxonomy":"product_cat","embeddable":true,"href":"https:\/\/supersimpletienda.cl\/index.php\/wp-json\/wp\/v2\/product_cat?post=4860"},{"taxonomy":"product_tag","embeddable":true,"href":"https:\/\/supersimpletienda.cl\/index.php\/wp-json\/wp\/v2\/product_tag?post=4860"}],"curies":[{"name":"wp","href":"https:\/\/api.w.org\/{rel}","templated":true}]}}