{"id":4626,"date":"2024-06-24T18:01:23","date_gmt":"2024-06-24T18:01:23","guid":{"rendered":"https:\/\/supersimpletienda.cl\/?post_type=product&#038;p=4626"},"modified":"2024-12-11T14:25:09","modified_gmt":"2024-12-11T14:25:09","slug":"cargador-celular-bateria-externa-10-000-mah-compatible-con-iphone-y-android","status":"publish","type":"product","link":"https:\/\/supersimpletienda.cl\/index.php\/producto\/cargador-celular-bateria-externa-10-000-mah-compatible-con-iphone-y-android\/","title":{"rendered":"Cargador Celular \/ Bater\u00eda Externa 10.000 mAh Compatible con iPhone y Android"},"content":{"rendered":"<p>Cargador externo y port\u00e1til de 10.000 mAh, lo que significa que podr\u00e1 cargar al menos 2 veces un celular gama media con bater\u00eda de 4.000 mAh. Aprox.<br \/>\nDise\u00f1o minimalista y eficaz permite cargar 2 dispositivos simult\u00e1neamente, como; Smartphone, Tablet, iPhone, iPad, PsP, etc.<\/p>\n<p><strong>Especificaciones<\/strong><\/p>\n<ul>\n<li>Tipo de Bater\u00eda: Pol\u00edmero<\/li>\n<li>Capacidad de la Bater\u00eda: 10.000 mAh<\/li>\n<li>Compatible para Android y iPhone (iOs).<\/li>\n<li>2 puertos USB; podr\u00e1 cargar dos dispositivos al mismo tiempo.<\/li>\n<li>Carga r\u00e1pida; Output de 2.1 V<\/li>\n<li>Dise\u00f1o elegante y sobrio<\/li>\n<li>Tama\u00f1o: 142 x 69 x 23.5 mm<\/li>\n<li>Peso: 300 gramos<\/li>\n<li>Entrada tipo C: DC 5V-2.1A<\/li>\n<li>Salida USB1: CC 5V-2.1A<\/li>\n<li>Color Blanco<\/li>\n<\/ul>\n","protected":false},"excerpt":{"rendered":"<p>Cargador externo y port\u00e1til de 10.000 mAh, lo que significa que podr\u00e1 cargar al menos 2 veces un celular gama media con bater\u00eda de 4.000 mAh. Aprox. Dise\u00f1o minimalista y eficaz permite cargar 2 dispositivos simult\u00e1neamente, como; Smartphone, Tablet, iPhone, iPad, PsP, etc. Especificaciones Tipo de Bater\u00eda: Pol\u00edmero Capacidad de la Bater\u00eda: 10.000 mAh Compatible [&hellip;]<\/p>\n","protected":false},"featured_media":4627,"comment_status":"closed","ping_status":"closed","template":"","meta":[],"product_brand":[],"product_cat":[203,205,200],"product_tag":[224],"class_list":{"0":"post-4626","1":"product","2":"type-product","3":"status-publish","4":"has-post-thumbnail","6":"product_cat-cargadores-para-casa-auto-y-aire-libre","7":"product_cat-nuevos-productos","8":"product_cat-telefonos-y-accesorios","9":"product_tag-carga-rapida","11":"first","12":"instock","13":"sale","14":"featured","15":"taxable","16":"shipping-taxable","17":"purchasable","18":"product-type-simple"},"_links":{"self":[{"href":"https:\/\/supersimpletienda.cl\/index.php\/wp-json\/wp\/v2\/product\/4626","targetHints":{"allow":["GET"]}}],"collection":[{"href":"https:\/\/supersimpletienda.cl\/index.php\/wp-json\/wp\/v2\/product"}],"about":[{"href":"https:\/\/supersimpletienda.cl\/index.php\/wp-json\/wp\/v2\/types\/product"}],"replies":[{"embeddable":true,"href":"https:\/\/supersimpletienda.cl\/index.php\/wp-json\/wp\/v2\/comments?post=4626"}],"version-history":[{"count":1,"href":"https:\/\/supersimpletienda.cl\/index.php\/wp-json\/wp\/v2\/product\/4626\/revisions"}],"predecessor-version":[{"id":5312,"href":"https:\/\/supersimpletienda.cl\/index.php\/wp-json\/wp\/v2\/product\/4626\/revisions\/5312"}],"wp:featuredmedia":[{"embeddable":true,"href":"https:\/\/supersimpletienda.cl\/index.php\/wp-json\/wp\/v2\/media\/4627"}],"wp:attachment":[{"href":"https:\/\/supersimpletienda.cl\/index.php\/wp-json\/wp\/v2\/media?parent=4626"}],"wp:term":[{"taxonomy":"product_brand","embeddable":true,"href":"https:\/\/supersimpletienda.cl\/index.php\/wp-json\/wp\/v2\/product_brand?post=4626"},{"taxonomy":"product_cat","embeddable":true,"href":"https:\/\/supersimpletienda.cl\/index.php\/wp-json\/wp\/v2\/product_cat?post=4626"},{"taxonomy":"product_tag","embeddable":true,"href":"https:\/\/supersimpletienda.cl\/index.php\/wp-json\/wp\/v2\/product_tag?post=4626"}],"curies":[{"name":"wp","href":"https:\/\/api.w.org\/{rel}","templated":true}]}}