{"id":4605,"date":"2024-06-21T20:09:57","date_gmt":"2024-06-21T20:09:57","guid":{"rendered":"https:\/\/supersimpletienda.cl\/?post_type=product&#038;p=4605"},"modified":"2024-12-11T14:33:12","modified_gmt":"2024-12-11T14:33:12","slug":"soporte-para-amazon-echo-dot-3-generacion-de-sobremesa","status":"publish","type":"product","link":"https:\/\/supersimpletienda.cl\/index.php\/producto\/soporte-para-amazon-echo-dot-3-generacion-de-sobremesa\/","title":{"rendered":"Soporte Para Amazon Echo Dot 3\u00b0 Generaci\u00f3n \/ De Sobremesa"},"content":{"rendered":"<p><strong>\u00a1\u00a1Simple pero funcional, no requiere instalaci\u00f3n sin taladrar agujeros ni atornillar!!<\/strong><br \/>\nEste soporte para Amazon Echo Dot 3\u00b0 generaci\u00f3n solo se debe enchufar y tendr\u00e1 sus espacios m\u00e1s ordenados y organizados. Ideal para instalar su parlante inteligente en la cocina, sala de estar y dormitorios protegi\u00e9ndolo eficazmente de ara\u00f1azos, derrames de l\u00edquidos, salpicadura de alimentos y ca\u00eddas. Su dise\u00f1o est\u00e9ticamente agradable permite que su Amazon Echo Dot 3\u00b0 se convierta en una elegante decoraci\u00f3n en su hogar.<br \/>\nFabricado con material de alta calidad (ABS) resistente al desgaste y a los golpes, libera espacios a sus muebles y brinda una apariencia m\u00e1s limpia y ordenada.<br \/>\n<strong>Importante; el dispositivo no viene incluido.<\/strong><\/p>\n","protected":false},"excerpt":{"rendered":"<p>\u00a1\u00a1Simple pero funcional, no requiere instalaci\u00f3n sin taladrar agujeros ni atornillar!! Este soporte para Amazon Echo Dot 3\u00b0 generaci\u00f3n solo se debe enchufar y tendr\u00e1 sus espacios m\u00e1s ordenados y organizados. Ideal para instalar su parlante inteligente en la cocina, sala de estar y dormitorios protegi\u00e9ndolo eficazmente de ara\u00f1azos, derrames de l\u00edquidos, salpicadura de alimentos [&hellip;]<\/p>\n","protected":false},"featured_media":4606,"comment_status":"closed","ping_status":"closed","template":"","meta":[],"product_brand":[],"product_cat":[245,205,206],"product_tag":[339,338],"class_list":{"0":"post-4605","1":"product","2":"type-product","3":"status-publish","4":"has-post-thumbnail","6":"product_cat-navidad-regalos","7":"product_cat-nuevos-productos","8":"product_cat-ofertas","9":"product_tag-3-generacion","10":"product_tag-amazon-echo-dot","12":"first","13":"instock","14":"sale","15":"taxable","16":"shipping-taxable","17":"purchasable","18":"product-type-simple"},"_links":{"self":[{"href":"https:\/\/supersimpletienda.cl\/index.php\/wp-json\/wp\/v2\/product\/4605","targetHints":{"allow":["GET"]}}],"collection":[{"href":"https:\/\/supersimpletienda.cl\/index.php\/wp-json\/wp\/v2\/product"}],"about":[{"href":"https:\/\/supersimpletienda.cl\/index.php\/wp-json\/wp\/v2\/types\/product"}],"replies":[{"embeddable":true,"href":"https:\/\/supersimpletienda.cl\/index.php\/wp-json\/wp\/v2\/comments?post=4605"}],"version-history":[{"count":1,"href":"https:\/\/supersimpletienda.cl\/index.php\/wp-json\/wp\/v2\/product\/4605\/revisions"}],"predecessor-version":[{"id":5317,"href":"https:\/\/supersimpletienda.cl\/index.php\/wp-json\/wp\/v2\/product\/4605\/revisions\/5317"}],"wp:featuredmedia":[{"embeddable":true,"href":"https:\/\/supersimpletienda.cl\/index.php\/wp-json\/wp\/v2\/media\/4606"}],"wp:attachment":[{"href":"https:\/\/supersimpletienda.cl\/index.php\/wp-json\/wp\/v2\/media?parent=4605"}],"wp:term":[{"taxonomy":"product_brand","embeddable":true,"href":"https:\/\/supersimpletienda.cl\/index.php\/wp-json\/wp\/v2\/product_brand?post=4605"},{"taxonomy":"product_cat","embeddable":true,"href":"https:\/\/supersimpletienda.cl\/index.php\/wp-json\/wp\/v2\/product_cat?post=4605"},{"taxonomy":"product_tag","embeddable":true,"href":"https:\/\/supersimpletienda.cl\/index.php\/wp-json\/wp\/v2\/product_tag?post=4605"}],"curies":[{"name":"wp","href":"https:\/\/api.w.org\/{rel}","templated":true}]}}