{"id":4522,"date":"2024-07-17T14:13:30","date_gmt":"2024-07-17T14:13:30","guid":{"rendered":"https:\/\/supersimpletienda.cl\/?post_type=product&#038;p=4522"},"modified":"2024-10-18T16:56:48","modified_gmt":"2024-10-18T16:56:48","slug":"cable-carga-rapida-65w-tipo-c-3-metros-compatibles-iphone-mac-samsung","status":"publish","type":"product","link":"https:\/\/supersimpletienda.cl\/index.php\/producto\/cable-carga-rapida-65w-tipo-c-3-metros-compatibles-iphone-mac-samsung\/","title":{"rendered":"Cable Carga R\u00e1pida 65w Tipo C \/ 3 Metros Compatibles iPhone \/ Mac \/ Samsung"},"content":{"rendered":"<p><span style=\"font-weight: 400;\">Cable USB C a USB C Carga R\u00e1pida 65 watt de 3 metros de largo\u00a0<\/span><\/p>\n<p><span style=\"font-weight: 400;\">Cable Tipo C Reforzado y Trenzado en Nylon<\/span><\/p>\n<p><span style=\"font-weight: 400;\">Compatible con iPhone \u2013 Huawei \u2013 Xiaomi \u2013 Samsung \u2013 DELL &#8211; OPPO\u00a0<\/span><\/p>\n<p><span style=\"font-weight: 400;\">Certificaci\u00f3n Internacional (FCC &#8211; CE \u2013 RoHS)<\/span><\/p>\n<p><b>Atenci\u00f3n \/ Importante<\/b><\/p>\n<p><span style=\"font-weight: 400;\">Protecci\u00f3n MFI: evite da\u00f1os en su iPhone, iPad u otros dispositivos Apple con estos cables certificados. Diles adi\u00f3s a las molestas notificaciones emergentes.<\/span><\/p>\n<p><span style=\"font-weight: 400;\">Soporte protocolo USB &#8211; PD (Pawer Delivery): puede beneficiarse de las \u00faltimas mejoras de velocidad que ofrecen estos cables cuando cargue sus dispositivos Apple con un adaptador USB C que admita USB Power Delivery. \u00a1La carga r\u00e1pida no ser\u00e1 un problema!<\/span><\/p>\n<p><span style=\"font-weight: 400;\">Extremadamente Duradero: construido con conectores de aleaci\u00f3n de aluminio, nuestro producto es un cable duradero y resistente en el que puede confiar. Cuenta con una vida \u00fatil de m\u00e1s de 7000 pruebas de flexi\u00f3n, que permite soportar el desgaste diario.<\/span><\/p>\n<p><b>Caracter\u00edsticas<\/b><\/p>\n<ul>\n<li><span style=\"font-weight: 400;\">Carga R\u00e1pida y trasferencia de datos PD 30 watt<\/span><\/li>\n<li><span style=\"font-weight: 400;\">Reforzado y resistente al estiramiento accidental\u00a0<\/span><\/li>\n<li><span style=\"font-weight: 400;\">Fabricado de aleaci\u00f3n de Zinc m\u00e1s TPE<\/span><\/li>\n<li><span style=\"font-weight: 400;\">Tasa de transmisi\u00f3n 480 Mbps<\/span><\/li>\n<li><span style=\"font-weight: 400;\">Compatible con Smartphone y Notebook<\/span><\/li>\n<li><span style=\"font-weight: 400;\">Color negro<\/span><\/li>\n<\/ul>\n","protected":false},"excerpt":{"rendered":"<p>Cable USB C a USB C Carga R\u00e1pida 65 watt de 3 metros de largo\u00a0 Cable Tipo C Reforzado y Trenzado en Nylon Compatible con iPhone \u2013 Huawei \u2013 Xiaomi \u2013 Samsung \u2013 DELL &#8211; OPPO\u00a0 Certificaci\u00f3n Internacional (FCC &#8211; CE \u2013 RoHS) Atenci\u00f3n \/ Importante Protecci\u00f3n MFI: evite da\u00f1os en su iPhone, iPad u [&hellip;]<\/p>\n","protected":false},"featured_media":4523,"comment_status":"closed","ping_status":"closed","template":"","meta":[],"product_brand":[],"product_cat":[201,206,200],"product_tag":[235,249,248],"class_list":{"0":"post-4522","1":"product","2":"type-product","3":"status-publish","4":"has-post-thumbnail","6":"product_cat-cables-de-carga-y-datos","7":"product_cat-ofertas","8":"product_cat-telefonos-y-accesorios","9":"product_tag-cable-3-metros","10":"product_tag-carga-rapida-65w","11":"product_tag-tipo-c","13":"first","14":"instock","15":"sale","16":"taxable","17":"shipping-taxable","18":"purchasable","19":"product-type-simple"},"_links":{"self":[{"href":"https:\/\/supersimpletienda.cl\/index.php\/wp-json\/wp\/v2\/product\/4522","targetHints":{"allow":["GET"]}}],"collection":[{"href":"https:\/\/supersimpletienda.cl\/index.php\/wp-json\/wp\/v2\/product"}],"about":[{"href":"https:\/\/supersimpletienda.cl\/index.php\/wp-json\/wp\/v2\/types\/product"}],"replies":[{"embeddable":true,"href":"https:\/\/supersimpletienda.cl\/index.php\/wp-json\/wp\/v2\/comments?post=4522"}],"version-history":[{"count":1,"href":"https:\/\/supersimpletienda.cl\/index.php\/wp-json\/wp\/v2\/product\/4522\/revisions"}],"predecessor-version":[{"id":5235,"href":"https:\/\/supersimpletienda.cl\/index.php\/wp-json\/wp\/v2\/product\/4522\/revisions\/5235"}],"wp:featuredmedia":[{"embeddable":true,"href":"https:\/\/supersimpletienda.cl\/index.php\/wp-json\/wp\/v2\/media\/4523"}],"wp:attachment":[{"href":"https:\/\/supersimpletienda.cl\/index.php\/wp-json\/wp\/v2\/media?parent=4522"}],"wp:term":[{"taxonomy":"product_brand","embeddable":true,"href":"https:\/\/supersimpletienda.cl\/index.php\/wp-json\/wp\/v2\/product_brand?post=4522"},{"taxonomy":"product_cat","embeddable":true,"href":"https:\/\/supersimpletienda.cl\/index.php\/wp-json\/wp\/v2\/product_cat?post=4522"},{"taxonomy":"product_tag","embeddable":true,"href":"https:\/\/supersimpletienda.cl\/index.php\/wp-json\/wp\/v2\/product_tag?post=4522"}],"curies":[{"name":"wp","href":"https:\/\/api.w.org\/{rel}","templated":true}]}}