{"id":4518,"date":"2024-07-17T14:14:39","date_gmt":"2024-07-17T14:14:39","guid":{"rendered":"https:\/\/supersimpletienda.cl\/?post_type=product&#038;p=4518"},"modified":"2025-01-17T16:01:33","modified_gmt":"2025-01-17T16:01:33","slug":"cable-tipo-c-carga-ultra-rapida-100w-reforzado-y-trenzado-en-nylon","status":"publish","type":"product","link":"https:\/\/supersimpletienda.cl\/index.php\/producto\/cable-tipo-c-carga-ultra-rapida-100w-reforzado-y-trenzado-en-nylon\/","title":{"rendered":"Cable Tipo C Carga Ultra R\u00e1pida 100w Reforzado y Trenzado en Nylon"},"content":{"rendered":"<p><span style=\"font-weight: 400;\">Compatible con iPhone &#8211; Mac &#8211; Huawei \u2013 Xiaomi \u2013 Samsung \u2013 DELL \u2013 OPPO\u00a0<\/span><\/p>\n<p><span style=\"font-weight: 400;\">Carga R\u00e1pida PD Pawer Delivery de 100 Watt; Carga r\u00e1pida en tecnolog\u00eda tipo USB &#8211; C<\/span><\/p>\n<p><span style=\"font-weight: 400;\">Carga R\u00e1pida Qualcomm Quick Charger 4.0; Carga r\u00e1pida en tecnolog\u00eda USB &#8211; A<\/span><\/p>\n<p><span style=\"font-weight: 400;\">Cable de 1 metro USB C a USB C Carga Ultra R\u00e1pida de 100 Watt<\/span><\/p>\n<p><span style=\"font-weight: 400;\">Reforzado y Trenzado en Nylon de alta calidad<\/span><\/p>\n<p><span style=\"font-weight: 400;\">Certificaci\u00f3n Internacional FCC &#8211; CE y RoHS<\/span><\/p>\n<p><b>Protecci\u00f3n MFI:<\/b><span style=\"font-weight: 400;\"> evite da\u00f1os en su iPhone, iPad u otros dispositivos Apple con estos cables Lightning certificados por MFI. \u00a1Diles adi\u00f3s a las molestas notificaciones emergentes!<\/span><\/p>\n<p><b>Soporte protocolo USB &#8211; PD (Pawer Delivery<\/b><span style=\"font-weight: 400;\">): puede beneficiarse de las \u00faltimas mejoras de velocidad que ofrecen estos cables cuando cargue sus dispositivos Apple con un adaptador USB-C que admita USB Power Delivery. \u00a1La carga r\u00e1pida no ser\u00e1 un problema!<\/span><\/p>\n<p><b>Extremadamente Duradero:<\/b><span style=\"font-weight: 400;\"> construido con un exterior de doble trenzado y conectores de aleaci\u00f3n de aluminio, nuestro producto es un cable duradero y resistente en el que puede confiar. Cuenta con una vida \u00fatil de m\u00e1s de 7.000 pruebas de flexi\u00f3n, que permite soportar el desgaste diario.<\/span><\/p>\n","protected":false},"excerpt":{"rendered":"<p>Compatible con iPhone &#8211; Mac &#8211; Huawei \u2013 Xiaomi \u2013 Samsung \u2013 DELL \u2013 OPPO\u00a0 Carga R\u00e1pida PD Pawer Delivery de 100 Watt; Carga r\u00e1pida en tecnolog\u00eda tipo USB &#8211; C Carga R\u00e1pida Qualcomm Quick Charger 4.0; Carga r\u00e1pida en tecnolog\u00eda USB &#8211; A Cable de 1 metro USB C a USB C Carga Ultra [&hellip;]<\/p>\n","protected":false},"featured_media":4519,"comment_status":"closed","ping_status":"closed","template":"","meta":[],"product_brand":[],"product_cat":[201,205,206,200],"product_tag":[264,227,232,226],"class_list":{"0":"post-4518","1":"product","2":"type-product","3":"status-publish","4":"has-post-thumbnail","6":"product_cat-cables-de-carga-y-datos","7":"product_cat-nuevos-productos","8":"product_cat-ofertas","9":"product_cat-telefonos-y-accesorios","10":"product_tag-100w","11":"product_tag-cable-tipo-c","12":"product_tag-carga-ultra-rapida","13":"product_tag-compatibles-con-mac-de-apple","15":"first","16":"instock","17":"sale","18":"taxable","19":"shipping-taxable","20":"purchasable","21":"product-type-simple"},"_links":{"self":[{"href":"https:\/\/supersimpletienda.cl\/index.php\/wp-json\/wp\/v2\/product\/4518","targetHints":{"allow":["GET"]}}],"collection":[{"href":"https:\/\/supersimpletienda.cl\/index.php\/wp-json\/wp\/v2\/product"}],"about":[{"href":"https:\/\/supersimpletienda.cl\/index.php\/wp-json\/wp\/v2\/types\/product"}],"replies":[{"embeddable":true,"href":"https:\/\/supersimpletienda.cl\/index.php\/wp-json\/wp\/v2\/comments?post=4518"}],"version-history":[{"count":1,"href":"https:\/\/supersimpletienda.cl\/index.php\/wp-json\/wp\/v2\/product\/4518\/revisions"}],"predecessor-version":[{"id":5240,"href":"https:\/\/supersimpletienda.cl\/index.php\/wp-json\/wp\/v2\/product\/4518\/revisions\/5240"}],"wp:featuredmedia":[{"embeddable":true,"href":"https:\/\/supersimpletienda.cl\/index.php\/wp-json\/wp\/v2\/media\/4519"}],"wp:attachment":[{"href":"https:\/\/supersimpletienda.cl\/index.php\/wp-json\/wp\/v2\/media?parent=4518"}],"wp:term":[{"taxonomy":"product_brand","embeddable":true,"href":"https:\/\/supersimpletienda.cl\/index.php\/wp-json\/wp\/v2\/product_brand?post=4518"},{"taxonomy":"product_cat","embeddable":true,"href":"https:\/\/supersimpletienda.cl\/index.php\/wp-json\/wp\/v2\/product_cat?post=4518"},{"taxonomy":"product_tag","embeddable":true,"href":"https:\/\/supersimpletienda.cl\/index.php\/wp-json\/wp\/v2\/product_tag?post=4518"}],"curies":[{"name":"wp","href":"https:\/\/api.w.org\/{rel}","templated":true}]}}