{"id":4509,"date":"2024-07-17T14:17:07","date_gmt":"2024-07-17T14:17:07","guid":{"rendered":"https:\/\/supersimpletienda.cl\/?post_type=product&#038;p=4509"},"modified":"2025-01-17T15:59:43","modified_gmt":"2025-01-17T15:59:43","slug":"cable-carga-rapida-65w-tipo-c-compatibles-iphone-mac-samsung-trenzado-y-reforzado","status":"publish","type":"product","link":"https:\/\/supersimpletienda.cl\/index.php\/producto\/cable-carga-rapida-65w-tipo-c-compatibles-iphone-mac-samsung-trenzado-y-reforzado\/","title":{"rendered":"Cable Carga R\u00e1pida 65w Tipo C Compatibles iPhone \/ Mac \/ Samsung 1 metro"},"content":{"rendered":"<p>Trenzado en Nylon y reforzado para un mayor rendimiento<\/p>\n<p><span style=\"font-weight: 400;\">Cable USB C a USB C Carga R\u00e1pida 65 watt de un metro de largo\u00a0<\/span><\/p>\n<p><span style=\"font-weight: 400;\">Cable Tipo C Reforzado y Trenzado en Nylon<\/span><\/p>\n<p><span style=\"font-weight: 400;\">Compatible con iPhone \u2013 Huawei \u2013 Xiaomi \u2013 Samsung \u2013 DELL &#8211; OPPO\u00a0<\/span><\/p>\n<p><span style=\"font-weight: 400;\">Certificaci\u00f3n Internacional (FCC &#8211; CE \u2013 RoHS)<\/span><\/p>\n<p><b>Atenci\u00f3n \/ Importante<\/b><\/p>\n<p><span style=\"font-weight: 400;\">Protecci\u00f3n MFI: evite da\u00f1os en su iPhone, iPad u otros dispositivos Apple con estos cables certificados. Diles adi\u00f3s a las molestas notificaciones emergentes.<\/span><\/p>\n<p><span style=\"font-weight: 400;\">Soporte protocolo USB &#8211; PD (Pawer Delivery): puede beneficiarse de las \u00faltimas mejoras de velocidad que ofrecen estos cables cuando cargue sus dispositivos Apple con un adaptador USB C que admita USB Power Delivery. \u00a1La carga r\u00e1pida no ser\u00e1 un problema!<\/span><\/p>\n<p><span style=\"font-weight: 400;\">Extremadamente Duradero: construido con conectores de aleaci\u00f3n de aluminio, nuestro producto es un cable duradero y resistente en el que puede confiar. Cuenta con una vida \u00fatil de m\u00e1s de 7000 pruebas de flexi\u00f3n, que permite soportar el desgaste diario.<\/span><\/p>\n<p><b>Caracter\u00edsticas<\/b><\/p>\n<ul>\n<li><span style=\"font-weight: 400;\">Carga R\u00e1pida y trasferencia de datos PD 30 watt<\/span><\/li>\n<li><span style=\"font-weight: 400;\">Reforzado y resistente al estiramiento accidental\u00a0<\/span><\/li>\n<li><span style=\"font-weight: 400;\">Fabricado de aleaci\u00f3n de Zinc m\u00e1s TPE<\/span><\/li>\n<li><span style=\"font-weight: 400;\">Tasa de transmisi\u00f3n 480 Mbps<\/span><\/li>\n<li><span style=\"font-weight: 400;\">Compatible con Smartphone y Notebook<\/span><\/li>\n<li><span style=\"font-weight: 400;\">Color negro<\/span><\/li>\n<\/ul>\n","protected":false},"excerpt":{"rendered":"<p>Trenzado en Nylon y reforzado para un mayor rendimiento Cable USB C a USB C Carga R\u00e1pida 65 watt de un metro de largo\u00a0 Cable Tipo C Reforzado y Trenzado en Nylon Compatible con iPhone \u2013 Huawei \u2013 Xiaomi \u2013 Samsung \u2013 DELL &#8211; OPPO\u00a0 Certificaci\u00f3n Internacional (FCC &#8211; CE \u2013 RoHS) Atenci\u00f3n \/ Importante [&hellip;]<\/p>\n","protected":false},"featured_media":5153,"comment_status":"closed","ping_status":"closed","template":"","meta":[],"product_brand":[],"product_cat":[201,200],"product_tag":[246,238,227],"class_list":{"0":"post-4509","1":"product","2":"type-product","3":"status-publish","4":"has-post-thumbnail","6":"product_cat-cables-de-carga-y-datos","7":"product_cat-telefonos-y-accesorios","8":"product_tag-cable-carga-rapida","9":"product_tag-cable-iphone-15-pro-max","10":"product_tag-cable-tipo-c","12":"first","13":"instock","14":"sale","15":"taxable","16":"shipping-taxable","17":"purchasable","18":"product-type-simple"},"_links":{"self":[{"href":"https:\/\/supersimpletienda.cl\/index.php\/wp-json\/wp\/v2\/product\/4509","targetHints":{"allow":["GET"]}}],"collection":[{"href":"https:\/\/supersimpletienda.cl\/index.php\/wp-json\/wp\/v2\/product"}],"about":[{"href":"https:\/\/supersimpletienda.cl\/index.php\/wp-json\/wp\/v2\/types\/product"}],"replies":[{"embeddable":true,"href":"https:\/\/supersimpletienda.cl\/index.php\/wp-json\/wp\/v2\/comments?post=4509"}],"version-history":[{"count":1,"href":"https:\/\/supersimpletienda.cl\/index.php\/wp-json\/wp\/v2\/product\/4509\/revisions"}],"predecessor-version":[{"id":5233,"href":"https:\/\/supersimpletienda.cl\/index.php\/wp-json\/wp\/v2\/product\/4509\/revisions\/5233"}],"wp:featuredmedia":[{"embeddable":true,"href":"https:\/\/supersimpletienda.cl\/index.php\/wp-json\/wp\/v2\/media\/5153"}],"wp:attachment":[{"href":"https:\/\/supersimpletienda.cl\/index.php\/wp-json\/wp\/v2\/media?parent=4509"}],"wp:term":[{"taxonomy":"product_brand","embeddable":true,"href":"https:\/\/supersimpletienda.cl\/index.php\/wp-json\/wp\/v2\/product_brand?post=4509"},{"taxonomy":"product_cat","embeddable":true,"href":"https:\/\/supersimpletienda.cl\/index.php\/wp-json\/wp\/v2\/product_cat?post=4509"},{"taxonomy":"product_tag","embeddable":true,"href":"https:\/\/supersimpletienda.cl\/index.php\/wp-json\/wp\/v2\/product_tag?post=4509"}],"curies":[{"name":"wp","href":"https:\/\/api.w.org\/{rel}","templated":true}]}}