{"id":4431,"date":"2024-07-17T13:27:30","date_gmt":"2024-07-17T13:27:30","guid":{"rendered":"https:\/\/supersimpletienda.cl\/?post_type=product&#038;p=4431"},"modified":"2024-12-02T14:12:06","modified_gmt":"2024-12-02T14:12:06","slug":"cargador-inalambrico-carga-rapida-15w-para-iphone-12-13-14-15-5-en-1","status":"publish","type":"product","link":"https:\/\/supersimpletienda.cl\/index.php\/producto\/cargador-inalambrico-carga-rapida-15w-para-iphone-12-13-14-15-5-en-1\/","title":{"rendered":"Cargador Inal\u00e1mbrico Carga R\u00e1pida 15w Para iPhone 12 13 14 15 \/ 5 en 1"},"content":{"rendered":"<p><span style=\"font-weight: 400;\">Cargador Inal\u00e1mbrico 5 en 1 Ultradelgado Carga R\u00e1pida de 15 watt<\/span><\/p>\n<p><span style=\"font-weight: 400;\">1.- Carga iPhone 12 \/13 \/14 \/15, con tecnolog\u00eda MagSafe<\/span><\/p>\n<p><span style=\"font-weight: 400;\">2.- AirPods con carga inal\u00e1mbrica<\/span><\/p>\n<p><span style=\"font-weight: 400;\">3.- Apple Watch con carga inal\u00e1mbrica<\/span><\/p>\n<p><span style=\"font-weight: 400;\">4.- Reloj incorporado<\/span><\/p>\n<p><span style=\"font-weight: 400;\">5.- Luz Led de noche con regulaci\u00f3n de intensidad<\/span><\/p>\n<p><span style=\"font-weight: 400;\">Certificaci\u00f3n con Est\u00e1ndar QI<\/span><\/p>\n<p><span style=\"font-weight: 400;\">Certificaci\u00f3n Internacional (FCC &#8211; CE \u2013 RoHS)<\/span><\/p>\n<p><b>Atenci\u00f3n \/ Importante<\/b><\/p>\n<p><span style=\"font-weight: 400;\">Con esta nueva Estaci\u00f3n de carga 5 en 1 Multifuncional podr\u00e1 cargar todos sus dispositivos Apple de una sola vez; iPhone, Apple Watch y AirPods.<\/span><\/p>\n<p><span style=\"font-weight: 400;\">Los cargadores inal\u00e1mbricos para smartphones son muy convenientes y f\u00e1ciles de usar, ya que solo se necesita colocar el tel\u00e9fono sobre la superficie del cargador para que empiece a cargarse. Sin embargo, es importante tener en cuenta que la velocidad de carga inal\u00e1mbrica puede ser m\u00e1s lenta que la carga con cable.<\/span><\/p>\n<p><span style=\"font-weight: 400;\">Para lograr Carga Inal\u00e1mbrica R\u00e1pida de 15 watt se debe conectar a un cargador de pared de 18w o superior con entradas USB &#8211; A (USB Normal).<\/span><\/p>\n<p><span style=\"font-weight: 400;\">Cable incluido de 1 metro con USB &#8211; C al cargador inal\u00e1mbrico y USB &#8211; A hacia el cargador de pared.<\/span><\/p>\n<p><b>Caracter\u00edsticas<\/b><\/p>\n<ul>\n<li><span style=\"font-weight: 400;\">Marca: KuuLaa<\/span><\/li>\n<li><span style=\"font-weight: 400;\">Material: Aleaci\u00f3n de Pl\u00e1stico con Acr\u00edlico<\/span><\/li>\n<li><span style=\"font-weight: 400;\">Color: Negro<\/span><\/li>\n<li><span style=\"font-weight: 400;\">Interface: Tipo C<\/span><\/li>\n<li><span style=\"font-weight: 400;\">Input: 5V \u2013 3A \/ 9V \u2013 2A \/ 15V \u2013 1.5\u00aa<\/span><\/li>\n<li><span style=\"font-weight: 400;\">Output: 15w &#8211; 10w &#8211; 7.5w &#8211; 5w\u00a0<\/span><\/li>\n<li><span style=\"font-weight: 400;\">Protecci\u00f3n por subidas de voltaje, sobrecalentamientos y corto circuitos.<\/span><\/li>\n<li><span style=\"font-weight: 400;\">Detecci\u00f3n de cuerpos extra\u00f1os.<\/span><\/li>\n<li><span style=\"font-weight: 400;\">Incluidos en la caja: Cargador inal\u00e1mbrico y cable Tipo C\u00a0 a Tipo C de 1m de largo para alimentaci\u00f3n.<\/span><\/li>\n<\/ul>\n","protected":false},"excerpt":{"rendered":"<p>Cargador Inal\u00e1mbrico 5 en 1 Ultradelgado Carga R\u00e1pida de 15 watt 1.- Carga iPhone 12 \/13 \/14 \/15, con tecnolog\u00eda MagSafe 2.- AirPods con carga inal\u00e1mbrica 3.- Apple Watch con carga inal\u00e1mbrica 4.- Reloj incorporado 5.- Luz Led de noche con regulaci\u00f3n de intensidad Certificaci\u00f3n con Est\u00e1ndar QI Certificaci\u00f3n Internacional (FCC &#8211; CE \u2013 RoHS) [&hellip;]<\/p>\n","protected":false},"featured_media":4435,"comment_status":"closed","ping_status":"closed","template":"","meta":[],"product_brand":[],"product_cat":[204,245,220],"product_tag":[304,303],"class_list":{"0":"post-4431","1":"product","2":"type-product","3":"status-publish","4":"has-post-thumbnail","6":"product_cat-cargadores-inalambricos","7":"product_cat-navidad-regalos","8":"product_cat-qi-para-escritorio","9":"product_tag-carga-rapida-15w","10":"product_tag-compatible-iphone-12-a-16","12":"first","13":"instock","14":"sale","15":"taxable","16":"shipping-taxable","17":"purchasable","18":"product-type-simple"},"_links":{"self":[{"href":"https:\/\/supersimpletienda.cl\/index.php\/wp-json\/wp\/v2\/product\/4431","targetHints":{"allow":["GET"]}}],"collection":[{"href":"https:\/\/supersimpletienda.cl\/index.php\/wp-json\/wp\/v2\/product"}],"about":[{"href":"https:\/\/supersimpletienda.cl\/index.php\/wp-json\/wp\/v2\/types\/product"}],"replies":[{"embeddable":true,"href":"https:\/\/supersimpletienda.cl\/index.php\/wp-json\/wp\/v2\/comments?post=4431"}],"version-history":[{"count":1,"href":"https:\/\/supersimpletienda.cl\/index.php\/wp-json\/wp\/v2\/product\/4431\/revisions"}],"predecessor-version":[{"id":5281,"href":"https:\/\/supersimpletienda.cl\/index.php\/wp-json\/wp\/v2\/product\/4431\/revisions\/5281"}],"wp:featuredmedia":[{"embeddable":true,"href":"https:\/\/supersimpletienda.cl\/index.php\/wp-json\/wp\/v2\/media\/4435"}],"wp:attachment":[{"href":"https:\/\/supersimpletienda.cl\/index.php\/wp-json\/wp\/v2\/media?parent=4431"}],"wp:term":[{"taxonomy":"product_brand","embeddable":true,"href":"https:\/\/supersimpletienda.cl\/index.php\/wp-json\/wp\/v2\/product_brand?post=4431"},{"taxonomy":"product_cat","embeddable":true,"href":"https:\/\/supersimpletienda.cl\/index.php\/wp-json\/wp\/v2\/product_cat?post=4431"},{"taxonomy":"product_tag","embeddable":true,"href":"https:\/\/supersimpletienda.cl\/index.php\/wp-json\/wp\/v2\/product_tag?post=4431"}],"curies":[{"name":"wp","href":"https:\/\/api.w.org\/{rel}","templated":true}]}}